se 7
3
4 (base 6) to base 7
4
What is 2 (base 3) in base 14?
2
5 (base 9) to base 8
5
What is 14 (base 12) in base 16?
10
What is 10 (base 2) in base 6?
2
What is -b (base 12) in base 10?
-11
Convert 107 (base 9) to base 15.
5d
-9 (base 13) to base 11
-9
10023 (base 4) to base 2
100001011
-5 (base 7) to base 12
-5
22 (base 6) to base 14
10
2 (base 3) to base 12
2
24 (base 8) to base 15
15
-1000000 (base 2) to base 16
-40
Convert 23 (base 15) to base 16.
21
What is 23 (base 11) in base 10?
25
What is -1 (base 6) in base 10?
-1
Convert 201 (base 3) to base 9.
21
Convert -34 (base 11) to base 4.
-211
Convert -26 (base 9) to base 14.
-1a
What is -222 (base 5) in base 3?
-2022
Convert -100 (base 5) to base 3.
-221
Convert -4 (base 7) to base 10.
-4
Convert -93 (base 13) to base 15.
-80
Convert 2111 (base 3) to base 4.
1003
1 (base 7) to base 4
1
Convert 5 (base 7) to base 12.
5
Convert -10 (base 5) to base 12.
-5
-3 (base 6) to base 8
-3
-5 (base 7) to base 14
-5
What is -17 (base 14) in base 5?
-41
What is -11011 (base 3) in base 2?
-1110000
12 (base 3) to base 7
5
7 (base 9) to base 10
7
What is -314 (base 6) in base 4?
-1312
-2 (base 8) to base 4
-2
-db (base 16) to base 4
-3123
What is 3 (base 14) in base 16?
3
What is 110110 (base 2) in base 12?
46
What is 1 (base 9) in base 13?
1
Convert -14 (base 7) to base 4.
-23
Convert 44 (base 15) to base 14.
48
Convert -1 (base 12) to base 7.
-1
Convert 2 (base 4) to base 6.
2
What is -23 (base 16) in base 11?
-32
What is -67 (base 10) in base 3?
-2111
Convert 8 (base 13) to base 6.
12
Convert -21 (base 3) to base 2.
-111
What is -1a (base 11) in base 4?
-111
1 (base 14) to base 9
1
Convert 260 (base 11) to base 2.
100110100
What is -30 (base 8) in base 4?
-120
What is 3 (base 12) in base 16?
3
Convert -10 (base 6) to base 11.
-6
Convert 4 (base 10) to base 16.
4
Convert 40 (base 15) to base 3.
2020
-2 (base 5) to base 4
-2
What is -100 (base 11) in base 4?
-1321
What is -424 (base 8) in base 4?
-10110
What is 12 (base 4) in base 16?
6
Convert -11101110 (base 2) to base 12.
-17a
-1021 (base 3) to base 4
-202
What is 31 (base 16) in base 2?
110001
Convert 5 (base 12) to base 15.
5
What is 1000 (base 2) in base 10?
8
What is -6 (base 15) in base 12?
-6
165 (base 7) to base 8
140
-2010 (base 3) to base 8
-71
Convert -1002 (base 5) to base 3.
-11201
Convert -4 (base 15) to base 10.
-4
Convert 1 (base 13) to base 8.
1
What is 223 (base 5) in base 12?
53
Convert -14 (base 10) to base 14.
-10
What is 10 (base 6) in base 7?
6
Convert -2 (base 5) to base 2.
-10
What is -1 (base 8) in base 7?
-1
Convert -1131 (base 5) to base 9.
-204
Convert 13 (base 5) to base 8.
10
What is 40 (base 6) in base 8?
30
What is -6 (base 11) in base 2?
-110
-141 (base 9) to base 12
-9a
What is -101000 (base 2) in base 8?
-50
Convert -262 (base 9) to base 2.
-11011010
-251 (base 7) to base 13
-a4
Convert -10110 (base 2) to base 9.
-24
11 (base 7) to base 16
8
What is -2 (base 3) in base 7?
-2
What is 264 (base 7) in base 10?
144
Convert -11 (base 9) to base 14.
-a
Convert -22 (base 3) to base 14.
-8
-69 (base 10) to base 12
-59
What is -8 (base 16) in base 10?
-8
What is 2 (base 8) in base 4?
2
What is -3 (base 16) in base 8?
-3
Convert -11 (base 2) to base 11.
-3
-76 (base 12) to base 2
-1011010
Convert -2 (base 16) to base 10.
-2
-23 (base 12) to base 16
-1b
Convert -12 (base 6) to base 14.
-8
What is -1 (base 10) in base 9?
-1
What is -2 (base 3) in base 14?
-2
Convert -2 (base 8) to base 12.
-2
Convert 100 (base 2) to base 11.
4
d4 (base 16) to base 4
3110
-42 (base 6) to base 2
-11010
-33 (base 4) to base 11
-14
What is 20 (base 3) in base 9?
6
What is -34 (base 6) in base 14?
-18
Convert -4 (base 10) to base 4.
-10
Convert -12 (base 5) to base 7.
-10
c (base 15) to base 5
22
2 (base 8) to base 11
2
What is -2033 (base 5) in base 14?
-152
-42 (base 5) to base 11
-20
16 (base 10) to base 3
121
dd (base 15) to base 14
10c
What is -4 (base 7) in base 9?
-4
What is 0 (base 2) in base 5?
0
What is -1 (base 10) in base 8?
-1
-10 (base 2) to base 4
-2
What is -12 (base 10) in base 14?
-c
-2212 (base 3) to base 2
-1001101
What is 0 (base 7) in base 12?
0
What is 39 (base 11) in base 7?
60
What is 102 (base 3) in base 5?
21
What is 0 (base 10) in base 16?
0
503 (base 6) to base 14
d1
Convert 245 (base 7) to base 16.
83
Convert 1011 (base 4) to base 9.
76
What is -33 (base 4) in base 12?
-13
What is -36 (base 16) in base 2?
-110110
2 (base 5) to base 7
2
Convert 41 (base 11) to base 13.
36
What is -7 (base 9) in base 4?
-13
What is -20 (base 8) in base 15?
-11
Convert 4 (base 16) to base 4.
10
-87 (base 12) to base 16
-67
Convert -12 (base 7) to base 14.
-9
1042 (base 5) to base 11
124
What is -4 (base 13) in base 5?
-4
Convert 8 (base 15) to base 12.
8
Convert 3 (base 10) to base 3.
10
Convert -55 (base 15) to base 3.
-2222
4a (base 16) to base 12
62
What is 6 (base 12) in base 10?
6
-90 (base 14) to base 3
-11200
9a (base 11) to base 14
7b
What is -3 (base 4) in base 11?
-3
6 (base 16) to base 9
6
Convert 10001 (base 3) to base 13.
64
What is -3 (base 12) in base 10?
-3
What is ab (base 15) in base 9?
188
What is -11101110 (base 2) in base 8?
-356
Convert -11 (base 6) to base 16.
-7
Convert -13 (base 9) to base 5.
-22
What is 2 (base 10) in base 13?
2
-100 (base 2) to base 3
-11
Convert -5 (base 6) to base 9.
-5
-2 (base 13) to base 11
-2
-94 (base 16) to base 6
-404
What is 60 (base 12) in base 4?
1020
-1 (base 12) to base 13
-1
Convert 6 (base 15) to base 2.
110
Convert -31 (base 4) to base 9.
-14
Convert -14 (base 16) to base 8.
-24
9 (base 10) to base 11
9
Convert -20 (base 6) to base 5.
-22
Convert -14 (base 7) to base 9.
-12
-c (base 16) to base 3
-110
Convert -32 (base 10) to base 7.
-44
Convert -3 (base 4) to base 14.
-3
Convert 1 (base 7) to base 9.
1
Convert -32 (base 12) to base 4.
-212
Convert 1 (base 9) to base 10.
1
Convert -11220 (base 3) to base 6.
-340
What is 1b9 (base 14) in base 3?
111022
What is -4 (base 15) in base 4?
-10
What is 4 (base 5) in base 8?
4
-122 (base 10) to base 7
-233
-2 (base 10) to base 15
-2
What is 1 (base 13) in base 8?
1
What is 135 (base 9) in base 6?
305
7 (base 10) to base 13
7
What is -25 (base 10) in base 2?
-11001
Convert -12 (base 14) to base 4.
-100
-210 (base 9) to base 16
-ab
What is -a9 (base 14) in base 6?
-405
What is -3 (base 10) in base 3?
-10
3 (base 9) to base 12
3
17 (base 12) to base 4
103
What is -1 (base 13) in base 6?
-1
31 (base 14) to base 9
47
What is -112 (base 5) in base 10?
-32
What is 11 (base 10) in base 2?
1011
103 (base 9) to base 12
70
-9 (base 16) to base 7
-12
What is -6 (base 12) in base 7?
-6
Convert 0 (base 3) to base 8.
0
What is 35 (base 7) in base 14?
1c
Convert -34 (base 11) to base 7.
-52
Convert -63 (base 11) to base 8.
-105
Convert 15 (base 16) to base 14.
17
-135 (base 8) to base 13
-72
-9 (base 15) to base 14
-9
-12 (base 13) to base 9
-16
-1e (base 15) to base 13
-23
Convert -1 (base 9) to base 8.
-1
11 (base 5) to base 12
6
0 (base 9) to base 2
0
-14 (base 10) to base 4
-32
What is -25 (base 10) in base 16?
-19
Convert -1f (base 16) to base 10.
-31
3 (base 6) to base 4
3
Convert 3 (base 15) to base 9.
3
-10 (base 5) to base 4
-11
Convert 2 (base 7) to base 13.
2
-20 (base 3) to base 13
-6
What is -3 (base 10) in base 3?
-10
What is 2 (base 15) in base 2?
10
Convert -4 (base 7) to base 3.
-11
What is -b (base 12) in base 13?
-b
What is 2 (base 6) in base 9?
2
What is -a (base 11) in base 8?
-12
7 (base 14) to base 5
12
What is 2122 (base 5) in base 16?
11f
What is 6 (base 8) in base 7?
6
-4 (base 8) to base 7
-4
Convert 10220 (base 3) to base 12.
89
What is -1 (base 8) in base 2?
-1
What is -32 (base 6) in base 3?
-202
What is 15 (base 16) in base 9?
23
What is 4 (base 10) in base 6?
4
Convert -24a (base 11) to base 3.
-101222
11 (base 5) to base 7
6
What is -7 (base 10) in base 16?
-7
-4 (base 10) to base 15
-4
2 (base 8) to base 11
2
What is 87 (base 15) in base 13?
9a
What is 2a3 (base 11) in base 8?
543
What is -1 (base 8) in base 15?
-1
What is 0 (base 5) in base 3?
0
Convert c (base 16) to base 7.
15
Convert -97 (base 11) to base 6.
-254
Convert 22 (base 5) to base 16.
c
What is -131 (base 7) in base 10?
-71
What is -3 (base 12) in base 